 - (251 - 12)).
106
Calculate 114 + -65 + (-198 - -130).
-19
(14 + -17 + 13 - 17) + -26
-33
Evaluate 17 - ((9 - 1) + -1 - (-14 - -17)).
13
What is -49 - -5 - (-73 - -57) - 2?
-30
What is 136 - ((20 - -138) + -3)?
-19
Calculate -118 - -131 - (10 + 6 + 22).
-25
What is (-40 - (-32 + 17)) + 23 + (51 - 1)?
48
Evaluate -28 - (22 + (23 - 49) - 1).
-23
What is the value of (2 - ((1 - 13) + 5)) + (-3 - 4)?
2
Evaluate -38 + 15 + 17 + -20.
-26
16 + 27 + -10 + -7 - -7
33
What is the value of 9 + -138 + -1 + (527 - 527)?
-130
Evaluate 1926 + -1919 + (12 + -1 + 1 - 3).
16
(4 - 4 - (23 - (25 + -3)) - -8) + -99
-92
45 + -11 + 130 + -118
46
(33 - 64) + 33 + -2 + -2 + 63
61
Evaluate (-21 - -61) + (60 + -59 - (8 - 2) - 4).
31
Evaluate (341 - 233) + (-16 - -1) + 15 + (-1 - 10).
97
14 + (-8 - -2) + -75 + -11 + 7 + 12
-59
What is the value of 10 - 1 - (-57 - (-79 - -63))?
50
Evaluate -1 + (0 + 20 - (-20 - (35 + -52))) + 0.
22
What is the value of (194 - 171) + -6 + -59 + 7?
-35
-2 + (18 - 18 - 0 - (-2 - -11)) + 52
41
What is the value of -1 + 0 + -12 - (-64 - -13 - -30)?
8
What is the value of -29 + (8 + -14 - (-14 + 9) - 12)?
-42
Calculate (-1 - -48) + -77 + (-40 - -92).
22
Calculate 122 + -149 + 25 - (2 - (-5 - -3)).
-6
Evaluate 1 + 80 - (-20 + (38 - (-5 - -11))).
69
Evaluate -10 + -1 + (46 - 1) + 5 + (-149 - -146).
36
Calculate (-9 - (10 + 65 + -16)) + 8.
-60
What is -28171 + 28152 + (-6 - 0) + -1?
-26
Evaluate 24 + 3 + -135 + 80 + -33.
-61
What is -17 + -2 + (17 - -11 - 11) + -80?
-82
Calculate -1 + 31 + 7 + 17 + -15.
39
Evaluate (5 - -42) + (-77 - -76) - (0 + 4).
42
2 - 0 - -16 - ((38 - 134) + 166)
-52
What is (16 - 11 - 32) + (5 - -19)?
-3
11 - (-6 - -38) - (-90 + 33)
36
Evaluate (389 - 203) + -30 + (5 - 17).
144
Calculate (1 + -6 - (12 - (13 + 0))) + (-2 - -5).
-1
What is the value of 6 - (-18 - -7 - (10 + 0)) - 18?
9
Calculate (31 + -33 - -34 - -22) + -24.
30
What is the value of 7475 - 7476 - (-1 + -14 - 2)?
16
What is (844 - 854) + (-6 - (4 + -5))?
-15
What is the value of (28 + -35 - -20) + -8 - (0 + 1) - 15?
-11
What is the value of -6 - 36 - (-75 + 69 + -36)?
0
Evaluate -665 + 654 + 108 + 9.
106
What is the value of (0 + 3 - (4 - 12)) + (-3373 - -3338)?
-24
What is the value of -159 + 154 + (-67 - -59) + -39 + 1?
-51
Calculate -7 - ((-44 - -2) + (21 - 24 - 9)).
47
What is the value of (4 - (17 - 7 - -1)) + (15 + -5 - 8)?
-5
Calculate -62 + (46 - -184) + -53.
115
What is (60 - 31) + -51 - -29 - -10?
17
Evaluate 4 - (4 + (-26 - -44) + -11).
-7
What is -471 - -476 - (3 - 3 - 23)?
28
What is -239 + 227 - (4 + -2 - (-13 - -88))?
61
(75 - (16 + 12) - 3) + -1
43
What is -18 + (-5 - 60) + 26?
-57
Evaluate 2 + 6 + 11 + -1 + 8 + -5.
21
Evaluate (-1 - -45) + 2 - (-778 + 763).
61
What is -13 + (37 + 26 - (-8 + 0 + 14))?
44
Evaluate 16 - (1 + -37 - -7).
45
What is the value of 8 + 50 + -32 - (14 - 1)?
13
What is the value of 1 - -2 - (-6 - 3) - (226 + -213)?
-1
What is (-8 - 25) + (-23 + 23 - (-4 + -2 - -5))?
-32
Calculate 26 - -2 - -37 - -17.
82
Calculate 1 - ((4 - (10 - 8 - -6)) + -46 + 0).
51
0 + 9 + (-42 - -22 - -5) + (-6 - -28)
16
What is (-119 - -137) + -109 + 3 - -25?
-63
What is -76 + 98 + 2 + -39?
-15
-3 + (6 - -7) - (-51 + 99)
-38
Evaluate 24 + -14 + (4 - 8 - (3 + 2)).
1
What is the value of (-34 - -75 - 52) + (18 - -2) + -40?
-31
(-54 + 1 - (-313 - -342)) + 35
-47
What is the value of -62 - (40 - -102 - 68)?
-136
What is (5 - (-4 - 3)) + (45 + -53 - -10) + 112?
126
Calculate 5 + 8 + (-7 - 16) - (-36 - -7).
19
What is the value of 21 + (56 + -27 - 8)?
42
Calculate -13986 - -14009 - (-24 + (1 - 2)).
48
What is the value of -105 + 40 - (298 - 407)?
44
What is the value of -79 - 41 - -25 - -165?
70
What is 2 - 9 - (-11 - (-21 + 15) - 52)?
50
Evaluate 2 - (103 + -121 + (-3 + -1 - -95)).
-71
(-254 - -127) + 100 + 36
9
-12 - ((4 - (15 - 8 - 0)) + 0 + -8)
-1
Evaluate 9 + -7 - (-9 + 78 - 10) - -1.
-56
What is the value of 0 + (-1 - -1 - 9) + (-347 - -353)?
-3
Evaluate 3 + 28 + (-8 - 3 - -14) + -16.
18
What is the value of -22 + (681 - 657 - (-100 + -1))?
103
Calculate 42 - (9 - 1 - (109 - 98)) - 5.
40
Evaluate (1 - -20) + -15 + -1 - (41 + -1).
-35
Calculate (-3 - -11) + (-14 - (-1 - 5)) - (6 + -68).
62
(187 - 256) + 58 - (1 - 0 - 35)
23
-2 + (14 + 2 - -6) + -43
-23
Calculate -17631 + 17513 - (0 - 41).
-77
Evaluate (19 - (28 - 2)) + 28.
21
Evaluate (0 - -5) + (-131 - 45 - -142).
-29
Calculate -14 + (27 - 18 - 1) - -33.
27
Calculate 1 - (-13 + 0) - (120 - (182 - 85)).
-9
What is the value of 67 - (54 + 61 + -57)?
9
What is the value of (3 - 97) + 311 + -277 - 8?
-68
What is -148 + (16 - (-1 + -3 + 17 + 16)) - -12?
-149
Calculate -12 + 2 + 9 + 21 + -25 + -1 - 45.
-51
Calculate -1 - -26 - (32 - 2 - (383 - 353)).
25
Evaluate 3 + -8 - (-9 - -33 - 44).
15
Calculate 19 + (56 - 21) - (-49 + 46).
57
Calculate 141 + -92 + -184 - -71.
-64
Calculate 0 - 25 - (-1710 - -1723).
-38
What is the value of 0 - 4 - (17 - -3) - (-17 - -21)?
-28
(-7 + (-19 - -26) - 3) + -17
-20
What is the value of (-48 - (-123 - -27)) + -6 + 4 + -19?
27
Evaluate 1933 - 1969 - (-3 + 25).
-58
Calculate -51 - (-11 + 7) - 48 - 7.
-102
Calculate (3 - (2 + 17)) + -34.
-50
What is the value of (-58 - -4) + -17 + (95 - 54)?
-30
Evaluate 21 + -5 + (9 - 54 - (19 + 0)).
-48
Evaluate 52 + -172 + 148 + -97.
-69
Calculate 3 + -5 + 6 + 42 + -80 + 41 - -24.
31
What is the value of 57 + (-5 - -2 - (24 + -7))?
37
Evaluate -7 + (-10 - ((-14 - -18) + (2 - 14))) + 41.
32
11 + (-5 - (-3 + 8 + -4) - (128 + -202))
79
What is -13 + (2 - -13 - (-2 - -14)) - -55?
45
Calculate 54 - -1 - (-14 + (6 - -29 - 15)).
49
-30 - (13 + -17 + -65)
39
-43 - (14 + -2 + (-7 - -2 - 11))
-39
What is the value of -10 + 0 + 13 + -2 + (20 - -14)?
35
Evaluate 62 + -1 - (-40 + (41 - -3)) - (-10 + 8).
59
What is the value of 73 + -128 + (9 - 3) + -34?
-83
What is -1 + (-8 - -25) + (13 - 15) - -60?
74
40 - ((18 - (84 - 27)) + 15)
64
Evaluate -52 + 44 + 48 + -47 - (-1 - (1 - 46)).
-51
(-83 - (54 + -51)) + (1 + -3 + 2 - -9)
-77
What is the value of 2 + 5 + -20 + 4 + -2 + 11 + -22?
-22
What is -2 - (-247 + 219 - (-18 + -2))?
6
Evaluate (-2 - -14) + -3 - (2968 - 2939).
-20
What is 30 - (-9 + (16 + -7 - (2 - 2) - -5))?
25
What is 0 + 20 + 64 + (12 + -7 - 3)?
86
What is the value of 40 + (95 - 311) + 99?
-77
Calculate (1 + (1 - 2) + -4 - (-187 - -161)) + -9.
13
What is the value of (12 - (-111 + (-1 - 7) + 9)) + -2 + 3?
123
Evaluate -41 - (-23 + (40 - -37) - 41).
-54
Evaluate -5 + 27 + -37 + 18.
3
What is -56 - (3 - 1) - (4765 - 4759)?
-64
Evaluate 1494 - 1471 - (-1 + 2 - 27).
49
Calculate (24 - 34 - 21) + -100 - (12 - 0).
-143
Calculate 19 - (19 + -11) - (4 + 18 - 8).
-3
Evaluate 80 - (-146 + -10 + 122).
114
What is the value of -22 - (-86 - (29 + -71))?
22
What is (-83 + 30 - -43) + 89?
79
Calculate -56 + 0 - (-12 + 56 + -18 - (36 - 24)).
-70
What is 17 + -1 - (-57 - (-20 + -48))?
5
What is the value of -90 - (42 + -120) - -16?
4
Calculate -235 + 212 + -1 + -35 - -18.
-41
Evaluate (-17 + 4 - (60 + -37)) + 18.
-18
Calculate 3577 + -3512 - (82 - 1).
-16
(-44 - 2) + (-1 + 1 - -2) + (-46579 - -46589)
-34
-1 - 1 - 5 - (37 + -74 + -31)
61
What is the value of 59 + 2 - 168 - -77?
-30
What is -1 + -11 - (17 + -62 + (17 - 45) + 33)?
28
What is 64 + -74 - ((-3 - -2 - 5) + -7)?
3
What is the value of 5 - -1 - (5 + -28 + 14) - 88?
-73
-6 - -19 - (3 - -2) - (-4 + -49 + 2)
59
Calculate -981 + 999 + 2 + 0 + -24.
-4
What is the value of (8 - 48) + -62 + 70?
-32
Evaluate 60 + 1 + 1 - (-6 + (8 - 0) + 3).
57
What is the value of 19 - (84 + -109) - 115?
-71
What is -16 - (-10 + 13 + -6 + -1) - (-4 + -27)?
19
Evaluate (74 - 32) + -31 - -33.
44
Calculate (5 + 27 + -25 - 12) + 9.
4
What is the value of (31 - (33 - 21)) + 14 + 9?
42
Evaluate -96 + 1 + 2 + -18 + -435 + 438.
-108
Evaluate (-6 - (-14 - 7)) + (-26 - -13) + (-33 - 2).
-33
Calculate -38 + (-14 - -25) - -14 - (-8 + -14).
9
What is the value of -178 + 20 + -115 + 179?
-94
-8 - (-2 + -51 + 553 + -546 + -1 + -8)
47
Evaluate (-59 + 53 - -4) + -46.
-48
Evaluate 9 - (-2 + (14 - 11)) - 15 - -21.
14
-41 + (-19 - (-41 - 13))
-6
What is the value of 63 - (7 + -7 - -91)?
-28
Evaluate 4 + (-6 - -8) + -17 - (66 - 49).
-28
What is the value of (-131 - (-302 + 84)) + -165?
-78
Calculate 198 + (-51 - (22 + -61)) - 36.
150
What is